e
Is 499 a multiple of 16?
False
Is 48 a factor of 768?
True
Does 12 divide 441?
False
Is 128 a factor of 26679?
False
Is 26277 a multiple of 12?
False
Does 6 divide 786?
True
Is 22 a factor of 14696?
True
Is 11 a factor of 1941?
False
Does 7 divide 90?
False
Does 49 divide 8134?
True
Does 96 divide 3836?
False
Is 24 a factor of 11301?
False
Does 3 divide 292?
False
Is 19529 a multiple of 183?
False
Does 100 divide 19902?
False
Does 15 divide 614?
False
Does 8 divide 134?
False
Does 18 divide 11559?
False
Is 136390 a multiple of 10?
True
Is 8238 a multiple of 19?
False
Does 13 divide 377?
True
Is 41 a factor of 414?
False
Is 574 a multiple of 29?
False
Does 66 divide 38016?
True
Is 34 a factor of 18326?
True
Is 17150 a multiple of 115?
False
Is 151935 a multiple of 15?
True
Is 28 a factor of 952?
True
Is 8 a factor of 204?
False
Is 3560 a multiple of 4?
True
Does 10 divide 3906?
False
Is 39 a factor of 21036?
False
Does 9 divide 879?
False
Does 20 divide 4936?
False
Is 132 a multiple of 11?
True
Does 6 divide 5922?
True
Is 33 a factor of 1980?
True
Is 110 a factor of 14740?
True
Is 118 a factor of 1845?
False
Does 8 divide 352?
True
Is 29308 a multiple of 244?
False
Is 225 a multiple of 15?
True
Does 64 divide 2624?
True
Is 43 a factor of 1548?
True
Does 8 divide 14756?
False
Is 14 a factor of 8335?
False
Is 156 a multiple of 12?
True
Is 7 a factor of 910?
True
Is 21 a factor of 1092?
True
Is 7970 a multiple of 18?
False
Does 99 divide 41382?
True
Is 7 a factor of 1829?
False
Is 2 a factor of 2628?
True
Is 50 a factor of 67150?
True
Is 14 a factor of 5139?
False
Does 42 divide 2688?
True
Is 130 a factor of 32760?
True
Does 97 divide 2075?
False
Is 50 a multiple of 22?
False
Is 18 a factor of 3978?
True
Is 1690 a multiple of 13?
True
Is 6 a factor of 2288?
False
Does 8 divide 1116?
False
Is 44 a factor of 26224?
True
Does 122 divide 5663?
False
Is 2401 a multiple of 7?
True
Is 8457 a multiple of 10?
False
Is 695 a multiple of 5?
True
Does 14 divide 11987?
False
Is 3 a factor of 84?
True
Is 950 a multiple of 50?
True
Does 73 divide 5847?
False
Does 42 divide 2100?
True
Does 149 divide 3661?
False
Is 738 a multiple of 6?
True
Does 23 divide 6724?
False
Does 53 divide 3021?
True
Does 40 divide 49000?
True
Is 12472 a multiple of 10?
False
Does 5 divide 714?
False
Does 80 divide 985?
False
Does 11 divide 2057?
True
Is 693 a multiple of 35?
False
Does 156 divide 1092?
True
Does 121 divide 17866?
False
Does 113 divide 4452?
False
Does 5 divide 40?
True
Does 18 divide 4759?
False
Is 54 a factor of 702?
True
Is 54 a factor of 1858?
False
Is 26 a factor of 780?
True
Is 18486 a multiple of 39?
True
Is 1906 a multiple of 16?
False
Is 938 a multiple of 34?
False
Is 708 a multiple of 6?
True
Does 3 divide 287?
False
Is 2024 a multiple of 22?
True
Does 13 divide 2825?
False
Does 17 divide 833?
True
Is 48 a factor of 22128?
True
Is 1153 a multiple of 13?
False
Is 4626 a multiple of 2?
True
Is 82 a factor of 6805?
False
Does 110 divide 11347?
False
Does 3 divide 1133?
False
Is 7 a factor of 24764?
False
Does 216 divide 12960?
True
Is 48238 a multiple of 52?
False
Is 4830 a multiple of 23?
True
Does 11 divide 517?
True
Is 138 a factor of 15180?
True
Is 882 a multiple of 42?
True
Is 55 a multiple of 5?
True
Is 15 a factor of 1770?
True
Is 68191 a multiple of 233?
False
Does 23 divide 2645?
True
Is 34 a factor of 22918?
False
Is 3054 a multiple of 6?
True
Does 5 divide 373?
False
Does 15 divide 11641?
False
Is 1749 a multiple of 53?
True
Is 7776 a multiple of 54?
True
Is 1060 a multiple of 17?
False
Is 17071 a multiple of 21?
False
Is 959 a multiple of 19?
False
Is 24 a factor of 744?
True
Is 1140 a multiple of 20?
True
Is 15075 a multiple of 15?
True
Is 19018 a multiple of 4?
False
Is 9 a factor of 81?
True
Is 248 a multiple of 14?
False
Is 73 a factor of 2190?
True
Is 2 a factor of 2608?
True
Is 3468 a multiple of 23?
False
Does 19 divide 5897?
False
Does 14 divide 127?
False
Does 170 divide 4848?
False
Is 30 a factor of 11802?
False
Is 9 a factor of 585?
True
Does 13 divide 273?
True
Does 10 divide 618?
False
Does 12 divide 1551?
False
Is 7 a factor of 557?
False
Is 17 a factor of 3077?
True
Is 15 a factor of 690?
True
Does 7 divide 1379?
True
Is 26128 a multiple of 142?
True
Does 9 divide 6471?
True
Does 23 divide 41207?
False
Does 49 divide 1033?
False
Does 10 divide 23830?
True
Is 37 a factor of 12876?
True
Does 5 divide 13674?
False
Does 5 divide 6620?
True
Is 78 a factor of 13104?
True
Is 1056 a multiple of 12?
True
Is 3228 even?
True
Does 10 divide 950?
True
Does 7 divide 459?
False
Is 170 a factor of 37627?
False
Is 18 a factor of 59099?
False
Is 10 a factor of 11690?
True
Is 390 a multiple of 13?
True
Does 17 divide 4892?
False
Is 27 a factor of 6777?
True
Is 115 a multiple of 4?
False
Is 213 a factor of 20022?
True
Does 18 divide 405?
False
Is 35743 a multiple of 14?
False
Does 25 divide 7459?
False
Does 32 divide 13468?
False
Is 12 a factor of 908?
False
Does 26 divide 19656?
True
Does 11 divide 89?
False
Is 9 a factor of 510?
False
Is 120 a factor of 3480?
True
Does 17 divide 832?
False
Is 5 a factor of 2435?
True
Is 40 a factor of 2320?
True
Is 668 a multiple of 44?
False
Is 20171 a multiple of 6?
False
Does 19 divide 822?
False
Is 145 a multiple of 18?
False
Does 68 divide 21173?
False
Does 8 divide 1808?
True
Is 7568 a multiple of 8?
True
Does 35 divide 13092?
False
Is 46853 a multiple of 25?
False
Does 27 divide 13356?
False
Is 179 a factor of 29744?
False
Is 26 a factor of 88694?
False
Is 6 a factor of 5249?
False
Does 25 divide 1800?
True
Does 3 divide 1337?
False
Is 3780 a multiple of 6?
True
Is 742 a multiple of 53?
True
Is 498 a multiple of 46?
False
Is 11 a factor of 42977?
True
Is 3 a factor of 37719?
True
Does 36 divide 16611?
False
Does 31 divide 40735?
False
Does 89 divide 15139?
False
Is 20 a factor of 1513?
False
Does 35 divide 3367?
False
Is 59859 a multiple of 81?
True
Is 1311 a multiple of 23?
True
Does 9 divide 29348?
False
Is 1300 a multiple of 100?
True
Is 73 a factor of 4935?
False
Does 20 divide 1320?
True
Does 10 divide 49800?
True
Does 9 divide 1066?
False
Does 66 divide 3195?
False
Is 19 a factor of 1265?
False
Does 11 divide 1492?
False
Does 12 divide 1272?
True
Is 26 a factor of 15444?
True
Does 15 divide 945?
True
Is 19 a factor of 442?
False
Does 16 divide 6432?
True
Is 924 a multiple of 42?
True
Is 126 a multiple of 5?
False
Does 11 divide 11145?
False
Does 82 divide 3409?
False
Is 4 a factor of 103?
False
Is 282 a factor of 33850?
False
Does 4 divide 11204?
True
Is 53 a factor of 6861?
False
Does 12 divide 168?
True
Is 86 a factor of 2580?
True
Is 236 a factor of 92014?
False
Is 251 a multiple of 7?
False
Does 23 divide 1339?
False
Does 8 divide 936?
True
Is 36610 a multiple of 5?
True
Is 48416 a multiple of 232?
False
Does 26 divide 2886?
True
Is 21220 a multiple of 90?
False
Is 4393 a multiple of 6?
False
Does 26 divide 11256?
False
Is 8 a factor of 3256?
True
Is 127 a multiple of 10?
False
Is 7568 a multiple of 12?
False
Does 4 divide 220?
True
Is 4956 a multiple of 40?
False
Is 62 a factor of 19282?
True
Does 25 divide 17250?
True
Is 2434 a multiple of 25?
False
Is 11 a factor of 44?
True
Is 65 a factor of 8840?
True
Is 14 a factor of 3281?
False
Is 6 a factor of 660?
True
Is 77 a factor of 1924?
False
Is 2996 a multiple of 28?
True
Does 40 divide 280?
True
Is 42658 a multiple of 77?
True
Is 52 a factor of 1942?
False
Does 7 divide 1147?
False
Does 49 divide 4716?
False
Is 1311 a multiple of 19?
True
Is 1138 a multiple of 83?
False
Does 38 divide 2850?
True
Does 33 divide 528?
True
Is 57 a factor of 791?
False
Is 27 a factor of 351?
True
Is 41 a factor of 68240?
False
Is 7 a factor of 895?
False
Does 38 divide 3686?
True
Does 12 divide 12534?
False
Is 28 a factor of 420?
True
Does 20 divide 620?
True
Is 668 a multiple of 11?
False
Is 1071 a multiple of 52?
False
Does 15 divide 13963?
False
Does 8 divide 35737?
False
Is 9 a factor of 801?
True
Is 140 a multiple of 7?
True
Is 24008 a multiple of 10?
False
Does 14 divide 702?
False
Is 1163 a multiple of 26?
False
Is 3640 a multiple of 104?
True
Is 15 a factor of 450?
True
Is 7 a factor of 951?
False
Does 31 divide 117211?
True
Is 80 a factor of 93383?
False
Is 3